{"id":2129,"date":"2023-06-06T15:58:11","date_gmt":"2023-06-06T13:58:11","guid":{"rendered":"https:\/\/www.zorro.de\/blog\/?page_id=2129"},"modified":"2023-06-23T11:25:35","modified_gmt":"2023-06-23T09:25:35","slug":"gastro-eiswuerfelbereiter-und-eiswuerfelmaschine-fuer-profis","status":"publish","type":"page","link":"https:\/\/www.zorro.de\/blog\/gastro-eiswuerfelbereiter-und-eiswuerfelmaschine-fuer-profis\/","title":{"rendered":"Gastro Eisw\u00fcrfelbereiter und Eisw\u00fcrfelmaschine f\u00fcr Profis"},"content":{"rendered":"<section class=\"l-section wpb_row height_small\"><div class=\"l-section-h i-cf\"><div class=\"g-cols vc_row via_flex valign_top type_default stacking_default\"><div class=\"vc_col-sm-12 wpb_column vc_column_container\"><div class=\"vc_column-inner\"><div class=\"wpb_wrapper\"><div class=\"wpb_text_column us_custom_b17e1428\"><div class=\"wpb_wrapper\"><h1 style=\"text-align: center;\">Auswahl-Kriterien f\u00fcr gastronomische Eisw\u00fcrfelbereiter<\/h1>\n<\/div><\/div><div class=\"wpb_text_column us_custom_d8605fef\"><div class=\"wpb_wrapper\"><p style=\"text-align: center;\">Ein Eisw\u00fcrfelbereiter produziert eine bestimmte Menge an Eisw\u00fcrfeln und h\u00e4lt diese in einem Vorratsbeh\u00e4lter bereit. Das erleichtert den Zugang f\u00fcr den gastronomischen Betrieb.<\/p>\n<\/div><\/div><\/div><\/div><\/div><\/div><\/div><\/section><section class=\"l-section wpb_row us_custom_c3dc6b91 height_small with_img\"><div class=\"l-section-img\" style=\"background-image: url(https:\/\/www.zorro.de\/blog\/wp-content\/uploads\/2023\/06\/gastro-eiswuerfelbereiter-kaufen-2-dark.jpeg);background-size: contain;\" data-img-width=\"1800\" data-img-height=\"1200\"><\/div><div class=\"l-section-h i-cf\"><div class=\"g-cols vc_row via_flex valign_top type_default stacking_default\"><div class=\"vc_col-sm-6 wpb_column vc_column_container\"><div class=\"vc_column-inner\"><div class=\"wpb_wrapper\"><div class=\"wpb_text_column us_custom_a6b40a4f has_text_color\"><div class=\"wpb_wrapper\"><h2>Folgende Eisw\u00fcrfel-Formen k\u00fchlen f\u00fcr bestimmte Anwendungen<\/h2>\n<\/div><\/div><div class=\"wpb_text_column us_custom_4e554c10 has_text_color\"><div class=\"wpb_wrapper\"><p><strong>Eishohlkegel und Cocktaileis<\/strong><br \/>\nHohle Eisw\u00fcrfel k\u00fchlen relativ schnell und werden gerne in Getr\u00e4nke hinzugegeben. Das Schmelzen vermischt die Getr\u00e4nke mit einem gew\u00fcnschten Anteil an Wasser. Der Effekt l\u00e4sst sich durch gebrochenes Eis noch weiter steigern. Der Hohlraum hilft dabei, das Crushed Eis einfacher zu produzieren. Gerade f\u00fcr Cocktails und Restaurants bieten sich solche Eisw\u00fcrfelmaschinen an.<\/p>\n<\/div><\/div><div class=\"wpb_text_column us_custom_3831a1cc has_text_color\"><div class=\"wpb_wrapper\"><p><strong>Kegeleis und Eisvollw\u00fcrfel<\/strong><br \/>\nIn der massiven vollen Form k\u00fchlt das Eis l\u00e4nger, da es eine gewisse Zeit zum Schmelzen ben\u00f6tigt. Das nutzt man speziell f\u00fcr Getr\u00e4nke, bei welchen der Geschmack erhalten bleiben soll. Zudem lassen sich damit Flaschen und Speisen f\u00fcr l\u00e4ngere Zeit k\u00fchlen. Das eignet sich vor allem f\u00fcr Bars und Clubs, aber auch f\u00fcr Catering und kalte Theken.<\/p>\n<\/div><\/div><\/div><\/div><\/div><div class=\"vc_col-sm-6 wpb_column vc_column_container\"><div class=\"vc_column-inner us_custom_1153e2dc\"><div class=\"wpb_wrapper\"><div class=\"wpb_text_column us_custom_f554797b has_text_color\"><div class=\"wpb_wrapper\"><p><strong>Flockeneis<\/strong><br \/>\nDas Flockeneis gibt in kurzer Zeit K\u00fchlung ab. Dadurch lassen sich empfindliche Lebensmittel wie z. B. Fleisch und Fisch k\u00fchlen. Der h\u00f6here Anteil an Schmelzwasser verst\u00e4rkt die Wirkung. Diesen Effekt nutzt man gerne in der Industrie, im Supermarkt und der Lebensmittelverarbeitung.<\/p>\n<\/div><\/div><\/div><\/div><\/div><\/div><\/div><\/section><section class=\"l-section wpb_row height_small\"><div class=\"l-section-h i-cf\"><div class=\"g-cols vc_row via_flex valign_top type_default stacking_default\"><div class=\"vc_col-sm-6 wpb_column vc_column_container\"><div class=\"vc_column-inner us_custom_5c579657\"><div class=\"vc_column-overlay\" style=\"background:var(--color-header-top-transparent-text)\"><\/div><div class=\"wpb_wrapper\"><div class=\"wpb_text_column\"><div class=\"wpb_wrapper\"><h2>Weitere Kriterien f\u00fcr die Auswahl einer Eisw\u00fcrfelmaschine<\/h2>\n<\/div><\/div><\/div><\/div><\/div><\/div><\/div><\/section><section class=\"l-section wpb_row height_small\"><div class=\"l-section-h i-cf\"><div class=\"g-cols vc_row via_flex valign_top type_default stacking_default\"><div class=\"vc_col-sm-3 wpb_column vc_column_container\"><div class=\"vc_column-inner us_custom_cb930a70\"><div class=\"vc_column-overlay\" style=\"background:var(--color-header-top-transparent-text)\"><\/div><div class=\"wpb_wrapper\"><div class=\"wpb_text_column\"><div class=\"wpb_wrapper\"><h3>Kapazit\u00e4t<\/h3>\n<p>Das Leistungsverm\u00f6gen ist ein wichtiger Punkt bei der Entscheidung f\u00fcr einen Eisw\u00fcrfelbereiter. Welche Menge Eis werden f\u00fcr den t\u00e4glichen Betrieb in der Gastronomie ben\u00f6tigt? Dazu gibt es zwei Merkmale zu beachten. Einmal die produzierte Menge pro Tag und zudem die Gr\u00f6\u00dfe des Vorratsbeh\u00e4lters. So l\u00e4sst sich das passende K\u00fchlger\u00e4t f\u00fcr die eigene Gastro bestimmen.<\/p>\n<\/div><\/div><\/div><\/div><\/div><div class=\"vc_col-sm-3 wpb_column vc_column_container\"><div class=\"vc_column-inner\"><div class=\"wpb_wrapper\"><div class=\"w-image us_custom_12a0f7a4 align_none\"><div class=\"w-image-h\"><img loading=\"lazy\" decoding=\"async\" width=\"200\" height=\"200\" src=\"https:\/\/www.zorro.de\/blog\/wp-content\/uploads\/2023\/06\/eiswuerfelbereiter-kapazitaet.jpeg\" class=\"attachment-large size-large\" alt=\"\" srcset=\"https:\/\/www.zorro.de\/blog\/wp-content\/uploads\/2023\/06\/eiswuerfelbereiter-kapazitaet.jpeg 200w, https:\/\/www.zorro.de\/blog\/wp-content\/uploads\/2023\/06\/eiswuerfelbereiter-kapazitaet-150x150.jpeg 150w\" sizes=\"auto, (max-width: 200px) 100vw, 200px\" \/><\/div><\/div><\/div><\/div><\/div><div class=\"vc_col-sm-3 wpb_column vc_column_container\"><div class=\"vc_column-inner\"><div class=\"wpb_wrapper\"><div class=\"wpb_text_column\"><div class=\"wpb_wrapper\"><h3>Edelstahl Geh\u00e4use<\/h3>\n<p>Edelstahl ist ein gefragtes Material f\u00fcr die Oberfl\u00e4chen von Ausstattungen in der Gastronomie. Das hat mehrere Gr\u00fcnde. Vor allem l\u00e4sst sich Edelstahl ziemlich leicht reinigen. Des Weiteren f\u00f6rdert man damit den Hygienestandard, weil das Material relativ abweisend ist. Auch die best\u00e4ndigen Eigenschaften im t\u00e4glichen Betrieb, machen sich positiv bemerkbar.<\/p>\n<\/div><\/div><\/div><\/div><\/div><div class=\"vc_col-sm-3 wpb_column vc_column_container\"><div class=\"vc_column-inner\"><div class=\"wpb_wrapper\"><div class=\"w-image us_custom_12a0f7a4 align_none\"><div class=\"w-image-h\"><img loading=\"lazy\" decoding=\"async\" width=\"200\" height=\"200\" src=\"https:\/\/www.zorro.de\/blog\/wp-content\/uploads\/2023\/06\/eiswuerfelbereiter-edelstahl.jpeg\" class=\"attachment-large size-large\" alt=\"\" srcset=\"https:\/\/www.zorro.de\/blog\/wp-content\/uploads\/2023\/06\/eiswuerfelbereiter-edelstahl.jpeg 200w, https:\/\/www.zorro.de\/blog\/wp-content\/uploads\/2023\/06\/eiswuerfelbereiter-edelstahl-150x150.jpeg 150w\" sizes=\"auto, (max-width: 200px) 100vw, 200px\" \/><\/div><\/div><\/div><\/div><\/div><\/div><\/div><\/section><section class=\"l-section wpb_row height_small\"><div class=\"l-section-h i-cf\"><div class=\"g-cols vc_row via_flex valign_top type_default stacking_default\"><div class=\"vc_col-sm-3 wpb_column vc_column_container\"><div class=\"vc_column-inner us_custom_5c579657\"><div class=\"vc_column-overlay\" style=\"background:var(--color-header-top-transparent-text)\"><\/div><div class=\"wpb_wrapper\"><div class=\"wpb_text_column\"><div class=\"wpb_wrapper\"><h3>Festwasseranschluss<\/h3>\n<p>Gerade f\u00fcr den Dauerbetrieb des Ger\u00e4tes ist ein Festwasseranschluss notwendig. Dadurch lassen sich die Eisw\u00fcrfel \u00fcber den Tag verteilt produzieren. Bei Bedarf entnimmt man diese dann einfach aus dem Vorratsbeh\u00e4lter.<\/p>\n<\/div><\/div><\/div><\/div><\/div><div class=\"vc_col-sm-3 wpb_column vc_column_container\"><div class=\"vc_column-inner\"><div class=\"wpb_wrapper\"><div class=\"w-image us_custom_d2199d32 align_none\"><div class=\"w-image-h\"><img loading=\"lazy\" decoding=\"async\" width=\"200\" height=\"200\" src=\"https:\/\/www.zorro.de\/blog\/wp-content\/uploads\/2023\/06\/eiswuerfelmaschine-festwasseranschluss.jpeg\" class=\"attachment-large size-large\" alt=\"\" srcset=\"https:\/\/www.zorro.de\/blog\/wp-content\/uploads\/2023\/06\/eiswuerfelmaschine-festwasseranschluss.jpeg 200w, https:\/\/www.zorro.de\/blog\/wp-content\/uploads\/2023\/06\/eiswuerfelmaschine-festwasseranschluss-150x150.jpeg 150w\" sizes=\"auto, (max-width: 200px) 100vw, 200px\" \/><\/div><\/div><\/div><\/div><\/div><div class=\"vc_col-sm-6 wpb_column vc_column_container\"><div class=\"vc_column-inner\"><div class=\"wpb_wrapper\"><div class=\"wpb_text_column\"><div class=\"wpb_wrapper\"><h3>Ger\u00e4uscharmer Betrieb<\/h3>\n<p>Abh\u00e4ngig vom Aufstellungsort des K\u00fchlger\u00e4tes f\u00f6rdert ein ger\u00e4uscharmer Betrieb das Ambiente im Umfeld. Das ist z. B. sinnvoll, falls der Eisw\u00fcrfelbereiter unmittelbar neben einer Bartheke aufgestellt wird. Aber auch in der K\u00fcche oder Arbeitsr\u00e4umen ist ein leiser K\u00fchlvorgang angenehmer f\u00fcr das Umfeld.<\/p>\n<\/div><\/div><\/div><\/div><\/div><\/div><\/div><\/section><section class=\"l-section wpb_row height_small\"><div class=\"l-section-overlay\" style=\"background:#f5f5f5\"><\/div><div class=\"l-section-h i-cf\"><div class=\"g-cols vc_row via_flex valign_top type_default stacking_default\"><div class=\"vc_col-sm-12 wpb_column vc_column_container\"><div class=\"vc_column-inner\"><div class=\"wpb_wrapper\"><div class=\"wpb_text_column us_custom_c9b3c579\"><div class=\"wpb_wrapper\"><h2 class=\"title\" style=\"text-align: center;\">Gastro Eisw\u00fcrfelmaschinen Angebote<\/h2>\n<\/div><\/div><\/div><\/div><\/div><div class=\"vc_col-sm-4 wpb_column vc_column_container has_bg_color has-link\"><div class=\"vc_column-inner us_custom_50cb7b8a\"><div class=\"wpb_wrapper\"><div class=\"w-image align_none\"><a href=\"https:\/\/www.zorro.de\/getraenkekuehlschrank-zk-280\" aria-label=\"Link\" class=\"w-image-h\"><img loading=\"lazy\" decoding=\"async\" width=\"300\" height=\"300\" src=\"https:\/\/www.zorro.de\/blog\/wp-content\/uploads\/2023\/06\/463-1011.jpeg\" class=\"attachment-large size-large\" alt=\"\" srcset=\"https:\/\/www.zorro.de\/blog\/wp-content\/uploads\/2023\/06\/463-1011.jpeg 300w, https:\/\/www.zorro.de\/blog\/wp-content\/uploads\/2023\/06\/463-1011-150x150.jpeg 150w\" sizes=\"auto, (max-width: 300px) 100vw, 300px\" \/><\/a><\/div><div class=\"wpb_text_column us_custom_9d4437f8\"><div class=\"wpb_wrapper\"><p><span style=\"color: #000000;\"><a class=\"product-item-link\" style=\"color: #000000;\" title=\"SARO Eisw\u00fcrfelbereiter Modell CS 50 W\" href=\"https:\/\/www.zorro.de\/saro-eiswurfelbereiter-modell-cs-50-w\">SARO Eisw\u00fcrfelbereiter Modell CS 50 W<\/a><\/span><\/p>\n<\/div><\/div><div class=\"w-separator us_custom_a106749e size_small with_line width_default thick_1 style_solid color_border align_center\"><div class=\"w-separator-h\"><\/div><\/div><div class=\"wpb_text_column us_custom_d984a24d\"><div class=\"wpb_wrapper\"><p><span style=\"color: #dc005a;\">1.565,85 \u20ac<br \/>\n<\/span>zzgl. MwSt.<\/p>\n<\/div><\/div><\/div><\/div><a href=\"https:\/\/www.zorro.de\/saro-eiswurfelbereiter-modell-cs-50-w\" class=\"vc_column-link smooth-scroll\" aria-label=\"Link\"><\/a><\/div><div class=\"vc_col-sm-4 wpb_column vc_column_container has_bg_color has-link\"><div class=\"vc_column-inner us_custom_50cb7b8a\"><div class=\"wpb_wrapper\"><div class=\"w-image align_none\"><a href=\"https:\/\/www.zorro.de\/getraenkekuehlschrank-zk-380\" aria-label=\"Link\" class=\"w-image-h\"><img loading=\"lazy\" decoding=\"async\" width=\"300\" height=\"300\" src=\"https:\/\/www.zorro.de\/blog\/wp-content\/uploads\/2023\/06\/463-1010.jpeg\" class=\"attachment-large size-large\" alt=\"\" srcset=\"https:\/\/www.zorro.de\/blog\/wp-content\/uploads\/2023\/06\/463-1010.jpeg 300w, https:\/\/www.zorro.de\/blog\/wp-content\/uploads\/2023\/06\/463-1010-150x150.jpeg 150w\" sizes=\"auto, (max-width: 300px) 100vw, 300px\" \/><\/a><\/div><div class=\"wpb_text_column us_custom_9d4437f8\"><div class=\"wpb_wrapper\"><p style=\"text-align: left;\"><span style=\"color: #000000;\"><a class=\"product-item-link\" style=\"color: #000000;\" title=\"SARO Eisw\u00fcrfelbereiter Modell CS 50 A\" href=\"https:\/\/www.zorro.de\/saro-eiswurfelbereiter-modell-cs-50-a\">SARO Eisw\u00fcrfelbereiter Modell CS 50 A<\/a><\/span><\/p>\n<\/div><\/div><div class=\"w-separator size_small with_line width_default thick_1 style_solid color_border align_center\"><div class=\"w-separator-h\"><\/div><\/div><div class=\"wpb_text_column\"><div class=\"wpb_wrapper\"><p><span style=\"color: #dc005a;\">1.565,85 \u20ac<br \/>\n<\/span>zzgl. MwSt.<\/p>\n<\/div><\/div><\/div><\/div><a href=\"https:\/\/www.zorro.de\/saro-eiswurfelbereiter-modell-cs-50-a\" class=\"vc_column-link smooth-scroll\" aria-label=\"Link\"><\/a><\/div><div class=\"vc_col-sm-4 wpb_column vc_column_container has_bg_color has-link\"><div class=\"vc_column-inner us_custom_11e40cd8\"><div class=\"wpb_wrapper\"><div class=\"w-image align_none\"><a href=\"https:\/\/www.zorro.de\/getraenkekuehlschrank-zkb-360\" aria-label=\"Link\" class=\"w-image-h\"><img loading=\"lazy\" decoding=\"async\" width=\"300\" height=\"300\" src=\"https:\/\/www.zorro.de\/blog\/wp-content\/uploads\/2023\/06\/463-1006.jpeg\" class=\"attachment-large size-large\" alt=\"\" srcset=\"https:\/\/www.zorro.de\/blog\/wp-content\/uploads\/2023\/06\/463-1006.jpeg 300w, https:\/\/www.zorro.de\/blog\/wp-content\/uploads\/2023\/06\/463-1006-150x150.jpeg 150w\" sizes=\"auto, (max-width: 300px) 100vw, 300px\" \/><\/a><\/div><div class=\"wpb_text_column us_custom_9d4437f8\"><div class=\"wpb_wrapper\"><p style=\"text-align: left;\"><span style=\"color: #000000;\"><a class=\"product-item-link\" style=\"color: #000000;\" title=\"SARO Eisw\u00fcrfelbereiter Modell CS 35 W\" href=\"https:\/\/www.zorro.de\/saro-eiswurfelbereiter-modell-cs-35-w\">SARO Eisw\u00fcrfelbereiter Modell CS 35 W<\/a><\/span><\/p>\n<\/div><\/div><div class=\"w-separator size_small with_line width_default thick_1 style_solid color_border align_center\"><div class=\"w-separator-h\"><\/div><\/div><div class=\"wpb_text_column\"><div class=\"wpb_wrapper\"><p><span style=\"color: #dc005a;\">1.219,40 \u20ac<br \/>\n<\/span>zzgl. MwSt.<\/p>\n<\/div><\/div><\/div><\/div><a href=\"https:\/\/www.zorro.de\/saro-eiswurfelbereiter-modell-cs-35-w\" class=\"vc_column-link smooth-scroll\" aria-label=\"Link\"><\/a><\/div><div class=\"vc_col-sm-4 wpb_column vc_column_container has_bg_color has-link\"><div class=\"vc_column-inner us_custom_8edb0886\"><div class=\"wpb_wrapper\"><div class=\"w-image align_none\"><a href=\"https:\/\/www.zorro.de\/getraenkekuehlschrank-360-liter-weiss-schwarz-mit-glastur-zk-360\" aria-label=\"Link\" class=\"w-image-h\"><img loading=\"lazy\" decoding=\"async\" width=\"300\" height=\"300\" src=\"https:\/\/www.zorro.de\/blog\/wp-content\/uploads\/2023\/06\/463-1005.jpeg\" class=\"attachment-large size-large\" alt=\"\" srcset=\"https:\/\/www.zorro.de\/blog\/wp-content\/uploads\/2023\/06\/463-1005.jpeg 300w, https:\/\/www.zorro.de\/blog\/wp-content\/uploads\/2023\/06\/463-1005-150x150.jpeg 150w\" sizes=\"auto, (max-width: 300px) 100vw, 300px\" \/><\/a><\/div><div class=\"wpb_text_column us_custom_9d4437f8\"><div class=\"wpb_wrapper\"><p><span style=\"color: #000000;\"><a class=\"product-item-link\" style=\"color: #000000;\" title=\"SARO Eisw\u00fcrfelbereiter Modell CS 35 A\" href=\"https:\/\/www.zorro.de\/saro-eiswurfelbereiter-modell-cs-35-a\">SARO Eisw\u00fcrfelbereiter Modell CS 35 A<\/a><\/span><\/p>\n<\/div><\/div><div class=\"w-separator size_small with_line width_default thick_1 style_solid color_border align_center\"><div class=\"w-separator-h\"><\/div><\/div><div class=\"wpb_text_column\"><div class=\"wpb_wrapper\"><p><span style=\"color: #dc005a;\">1.219,40 \u20ac<br \/>\n<\/span>zzgl. MwSt.<\/p>\n<\/div><\/div><\/div><\/div><a href=\"https:\/\/www.zorro.de\/saro-eiswurfelbereiter-modell-cs-35-a\" class=\"vc_column-link smooth-scroll\" aria-label=\"Link\"><\/a><\/div><div class=\"vc_col-sm-4 wpb_column vc_column_container has_bg_color has-link\"><div class=\"vc_column-inner us_custom_8edb0886\"><div class=\"wpb_wrapper\"><div class=\"w-image align_none\"><a href=\"https:\/\/www.zorro.de\/getraenkekuehlschrank-360-liter-weiss-schwarz-mit-glastur-zk-360\" aria-label=\"Link\" class=\"w-image-h\"><img loading=\"lazy\" decoding=\"async\" width=\"300\" height=\"300\" src=\"https:\/\/www.zorro.de\/blog\/wp-content\/uploads\/2023\/06\/463-1001.jpeg\" class=\"attachment-large size-large\" alt=\"\" srcset=\"https:\/\/www.zorro.de\/blog\/wp-content\/uploads\/2023\/06\/463-1001.jpeg 300w, https:\/\/www.zorro.de\/blog\/wp-content\/uploads\/2023\/06\/463-1001-150x150.jpeg 150w\" sizes=\"auto, (max-width: 300px) 100vw, 300px\" \/><\/a><\/div><div class=\"wpb_text_column us_custom_9d4437f8\"><div class=\"wpb_wrapper\"><p><span style=\"color: #000000;\"><a class=\"product-item-link\" style=\"color: #000000;\" title=\"SARO Eisw\u00fcrfelbereiter Modell CS 25 W\" href=\"https:\/\/www.zorro.de\/saro-eiswurfelbereiter-modell-cs-25-w\">SARO Eisw\u00fcrfelbereiter Modell CS 25 W<\/a><\/span><\/p>\n<\/div><\/div><div class=\"w-separator size_small with_line width_default thick_1 style_solid color_border align_center\"><div class=\"w-separator-h\"><\/div><\/div><div class=\"wpb_text_column\"><div class=\"wpb_wrapper\"><p><span style=\"color: #dc005a;\">1.085,50 \u20ac<br \/>\n<\/span>zzgl. MwSt.<\/p>\n<\/div><\/div><\/div><\/div><a href=\"https:\/\/www.zorro.de\/saro-eiswurfelbereiter-modell-cs-25-w\" class=\"vc_column-link smooth-scroll\" aria-label=\"Link\"><\/a><\/div><div class=\"vc_col-sm-4 wpb_column vc_column_container has_bg_color has-link\"><div class=\"vc_column-inner us_custom_8edb0886\"><div class=\"wpb_wrapper\"><div class=\"w-image align_none\"><a href=\"https:\/\/www.zorro.de\/getraenkekuehlschrank-360-liter-weiss-schwarz-mit-glastur-zk-360\" aria-label=\"Link\" class=\"w-image-h\"><img loading=\"lazy\" decoding=\"async\" width=\"300\" height=\"300\" src=\"https:\/\/www.zorro.de\/blog\/wp-content\/uploads\/2023\/06\/463-1000.jpeg\" class=\"attachment-large size-large\" alt=\"\" srcset=\"https:\/\/www.zorro.de\/blog\/wp-content\/uploads\/2023\/06\/463-1000.jpeg 300w, https:\/\/www.zorro.de\/blog\/wp-content\/uploads\/2023\/06\/463-1000-150x150.jpeg 150w\" sizes=\"auto, (max-width: 300px) 100vw, 300px\" \/><\/a><\/div><div class=\"wpb_text_column us_custom_9d4437f8\"><div class=\"wpb_wrapper\"><p><span style=\"color: #000000;\"><a class=\"product-item-link\" style=\"color: #000000;\" title=\"SARO Eisw\u00fcrfelbereiter Modell CS 25 A\" href=\"https:\/\/www.zorro.de\/saro-eiswurfelbereiter-modell-cs-25-a\">SARO Eisw\u00fcrfelbereiter Modell CS 25 A<\/a><\/span><\/p>\n<\/div><\/div><div class=\"w-separator size_small with_line width_default thick_1 style_solid color_border align_center\"><div class=\"w-separator-h\"><\/div><\/div><div class=\"wpb_text_column\"><div class=\"wpb_wrapper\"><p><span style=\"color: #dc005a;\">1.085,50 \u20ac<br \/>\n<\/span>zzgl. MwSt.<\/p>\n<\/div><\/div><\/div><\/div><a href=\"https:\/\/www.zorro.de\/saro-eiswurfelbereiter-modell-cs-25-a\" class=\"vc_column-link smooth-scroll\" aria-label=\"Link\"><\/a><\/div><div class=\"vc_col-sm-12 wpb_column vc_column_container\"><div class=\"vc_column-inner\"><div class=\"wpb_wrapper\"><div class=\"w-actionbox us_custom_9a9a90ee has_text_color color_primary controls_bottom\"><div class=\"w-actionbox-text\"><\/div><div class=\"w-actionbox-controls\"><a class=\"w-btn us-btn-style_1\" href=\"https:\/\/www.zorro.de\/kuehlgeraete\/gastro-eiswuerfelbereiter\"><span class=\"w-btn-label\">ALLE GASTRO EISW\u00dcRFELBEREITER ANSCHAUEN<\/span><\/a><\/div><\/div><\/div><\/div><\/div><\/div><\/div><\/section><section class=\"l-section wpb_row height_small\"><div class=\"l-section-h i-cf\"><div class=\"g-cols vc_row via_flex valign_top type_default stacking_default\"><div class=\"vc_col-sm-12 wpb_column vc_column_container\"><div class=\"vc_column-inner\"><div class=\"wpb_wrapper\"><div class=\"wpb_text_column\"><div class=\"wpb_wrapper\"><h4 style=\"text-align: center;\"><strong>Fragen?<\/strong><\/h4>\n<h4 style=\"text-align: center;\">Wir haben Antworten!<\/h4>\n<h4 style=\"text-align: center;\">Entweder unter FAQs, oder \u00fcber unseren Kundendienst per\u00a0<a href=\"https:\/\/api.whatsapp.com\/send\/?phone=4917634697316&amp;text&amp;type=phone_number&amp;app_absent=0\">Whatsapp<\/a>, Telefon <a href=\"tel:0 800 - 72 12 72 12\">0 800 &#8211; 72 12 72 12<\/a>\u00a0oder unser\u00a0<a href=\"https:\/\/www.zorro.de\/blog\/servicedesk\/#kontakt\">Kontaktformular<\/a>.<\/h4>\n<\/div><\/div><\/div><\/div><\/div><\/div><\/div><\/section>\n","protected":false},"excerpt":{"rendered":"Auswahl-Kriterien f\u00fcr gastronomische Eisw\u00fcrfelbereiter Ein Eisw\u00fcrfelbereiter produziert eine bestimmte Menge an Eisw\u00fcrfeln und h\u00e4lt diese in einem Vorratsbeh\u00e4lter bereit. Das erleichtert den Zugang f\u00fcr den gastronomischen Betrieb. Folgende Eisw\u00fcrfel-Formen k\u00fchlen f\u00fcr bestimmte Anwendungen Eishohlkegel und Cocktaileis Hohle Eisw\u00fcrfel k\u00fchlen relativ schnell und werden gerne in Getr\u00e4nke hinzugegeben. Das Schmelzen vermischt die Getr\u00e4nke mit einem gew\u00fcnschten...","protected":false},"author":5,"featured_media":0,"parent":0,"menu_order":0,"comment_status":"closed","ping_status":"closed","template":"","meta":{"inline_featured_image":false,"footnotes":""},"class_list":["post-2129","page","type-page","status-publish","hentry"],"_links":{"self":[{"href":"https:\/\/www.zorro.de\/blog\/wp-json\/wp\/v2\/pages\/2129","targetHints":{"allow":["GET"]}}],"collection":[{"href":"https:\/\/www.zorro.de\/blog\/wp-json\/wp\/v2\/pages"}],"about":[{"href":"https:\/\/www.zorro.de\/blog\/wp-json\/wp\/v2\/types\/page"}],"author":[{"embeddable":true,"href":"https:\/\/www.zorro.de\/blog\/wp-json\/wp\/v2\/users\/5"}],"replies":[{"embeddable":true,"href":"https:\/\/www.zorro.de\/blog\/wp-json\/wp\/v2\/comments?post=2129"}],"version-history":[{"count":57,"href":"https:\/\/www.zorro.de\/blog\/wp-json\/wp\/v2\/pages\/2129\/revisions"}],"predecessor-version":[{"id":2360,"href":"https:\/\/www.zorro.de\/blog\/wp-json\/wp\/v2\/pages\/2129\/revisions\/2360"}],"wp:attachment":[{"href":"https:\/\/www.zorro.de\/blog\/wp-json\/wp\/v2\/media?parent=2129"}],"curies":[{"name":"wp","href":"https:\/\/api.w.org\/{rel}","templated":true}]}}